{"id":90,"date":"2020-06-19T10:08:02","date_gmt":"2020-06-19T08:08:02","guid":{"rendered":"http:\/\/sc-soehre.de\/?page_id=90"},"modified":"2025-12-26T18:40:46","modified_gmt":"2025-12-26T17:40:46","slug":"3-herren","status":"publish","type":"page","link":"https:\/\/www.sc-soehre.de\/?page_id=90","title":{"rendered":"Herren 3"},"content":{"rendered":"\n<p><strong>Kreisliga Kassel Gruppe 3<\/strong> <strong>(4er)<\/strong><\/p>\n\n\n\n<p><strong>Aufstellung Vorrunde 2025\/26<\/strong><\/p>\n\n\n\n<p>1. J\u00fcrgen Winter<br>2. Sebastian Althans<br>3. Marco Maus<br>4. Eric Delpho<br><\/p>\n\n\n\n<p>Mannschaftsf\u00fchrer J\u00fcrgen Winter<br>Email <a href=\"mailto:juergen.winter@hotmail.de\">juergen.winter@hotmail.de<\/a><br>Mobil: +49 179 239 3402<\/p>\n\n\n\n<h3 class=\"wp-block-heading\">Tabelle<\/h3>\n\n\n\n<iframe loading=\"lazy\" src=\"https:\/\/www.mytischtennis.de\/click-tt\/HeTTV\/25--26\/ligen\/Kreisliga-Gr3\/gruppe\/496584\/tabelle\/vr\" name=\"Tabelle\" height=\"500\" width=\"95%\"> <p>Ihr Browser kann leider keine eingebetteten Frames anzeigen: Sie k\u00f6nnen die eingebettete Seite \u00fcber den folgenden Verweis aufrufen: <a href=https:\/\/www.mytischtennis.de\/click-tt\/HeTTV\/25--26\/ligen\/Kreisliga-Gr3\/gruppe\/496584\/tabelle\/vr>Tabelle<\/a> <\/p> <\/iframe>\n\n\n\n<h3 class=\"wp-block-heading\">Spielplan\/Bilanzen<\/h3>\n\n\n\n<iframe loading=\"lazy\" src=\"https:\/\/www.mytischtennis.de\/click-tt\/HeTTV\/25--26\/ligen\/Kreisliga-Gr3\/gruppe\/496584\/mannschaft\/2966626\/SC_S%C3%B6hre_2018_-_S%C3%B6hrewald__III\/spielerbilanzen\/vr\" name=\"Spielplan\" height=\"500\" width=\"95%\"> <p>Ihr Browser kann leider keine eingebetteten Frames anzeigen: Sie k\u00f6nnen die eingebettete Seite \u00fcber den folgenden Verweis aufrufen: <a href=https:\/\/www.mytischtennis.de\/click-tt\/HeTTV\/25--26\/ligen\/Kreisliga-Gr3\/gruppe\/496584\/mannschaft\/2966626\/SC_S%C3%B6hre_2018_-_S%C3%B6hrewald__III\/spielerbilanzen\/vr>Tabelle<\/a> <\/p> <\/iframe>\n\n\n\n<h2 class=\"wp-block-heading\"><\/h2>\n","protected":false},"excerpt":{"rendered":"<p>Kreisliga Kassel Gruppe 3 (4er) Aufstellung Vorrunde 2025\/26 1. J\u00fcrgen Winter2. Sebastian Althans3. Marco Maus4. Eric Delpho Mannschaftsf\u00fchrer J\u00fcrgen WinterEmail juergen.winter@hotmail.deMobil: +49 [&hellip;]<\/p>\n","protected":false},"author":1,"featured_media":0,"parent":0,"menu_order":0,"comment_status":"closed","ping_status":"closed","template":"","meta":{"footnotes":""},"class_list":["post-90","page","type-page","status-publish","hentry"],"yoast_head":"<!-- This site is optimized with the Yoast SEO plugin v26.6 - https:\/\/yoast.com\/wordpress\/plugins\/seo\/ -->\n<title>Herren 3 -<\/title>\n<meta name=\"robots\" content=\"index, follow, max-snippet:-1, max-image-preview:large, max-video-preview:-1\" \/>\n<link rel=\"canonical\" href=\"https:\/\/www.sc-soehre.de\/?page_id=90\" \/>\n<meta property=\"og:locale\" content=\"de_DE\" \/>\n<meta property=\"og:type\" content=\"article\" \/>\n<meta property=\"og:title\" content=\"Herren 3 -\" \/>\n<meta property=\"og:description\" content=\"Kreisliga Kassel Gruppe 3 (4er) Aufstellung Vorrunde 2025\/26 1. J\u00fcrgen Winter2. Sebastian Althans3. Marco Maus4. Eric Delpho Mannschaftsf\u00fchrer J\u00fcrgen WinterEmail juergen.winter@hotmail.deMobil: +49 [&hellip;]\" \/>\n<meta property=\"og:url\" content=\"https:\/\/www.sc-soehre.de\/?page_id=90\" \/>\n<meta property=\"article:modified_time\" content=\"2025-12-26T17:40:46+00:00\" \/>\n<meta name=\"twitter:card\" content=\"summary_large_image\" \/>\n<meta name=\"twitter:label1\" content=\"Gesch\u00e4tzte Lesezeit\" \/>\n\t<meta name=\"twitter:data1\" content=\"1\u00a0Minute\" \/>\n<script type=\"application\/ld+json\" class=\"yoast-schema-graph\">{\"@context\":\"https:\/\/schema.org\",\"@graph\":[{\"@type\":\"WebPage\",\"@id\":\"https:\/\/www.sc-soehre.de\/?page_id=90\",\"url\":\"https:\/\/www.sc-soehre.de\/?page_id=90\",\"name\":\"Herren 3 -\",\"isPartOf\":{\"@id\":\"https:\/\/www.sc-soehre.de\/#website\"},\"datePublished\":\"2020-06-19T08:08:02+00:00\",\"dateModified\":\"2025-12-26T17:40:46+00:00\",\"breadcrumb\":{\"@id\":\"https:\/\/www.sc-soehre.de\/?page_id=90#breadcrumb\"},\"inLanguage\":\"de\",\"potentialAction\":[{\"@type\":\"ReadAction\",\"target\":[\"https:\/\/www.sc-soehre.de\/?page_id=90\"]}]},{\"@type\":\"BreadcrumbList\",\"@id\":\"https:\/\/www.sc-soehre.de\/?page_id=90#breadcrumb\",\"itemListElement\":[{\"@type\":\"ListItem\",\"position\":1,\"name\":\"Startseite\",\"item\":\"https:\/\/www.sc-soehre.de\/\"},{\"@type\":\"ListItem\",\"position\":2,\"name\":\"Herren 3\"}]},{\"@type\":\"WebSite\",\"@id\":\"https:\/\/www.sc-soehre.de\/#website\",\"url\":\"https:\/\/www.sc-soehre.de\/\",\"name\":\"\",\"description\":\"\",\"potentialAction\":[{\"@type\":\"SearchAction\",\"target\":{\"@type\":\"EntryPoint\",\"urlTemplate\":\"https:\/\/www.sc-soehre.de\/?s={search_term_string}\"},\"query-input\":{\"@type\":\"PropertyValueSpecification\",\"valueRequired\":true,\"valueName\":\"search_term_string\"}}],\"inLanguage\":\"de\"}]}<\/script>\n<!-- \/ Yoast SEO plugin. -->","yoast_head_json":{"title":"Herren 3 -","robots":{"index":"index","follow":"follow","max-snippet":"max-snippet:-1","max-image-preview":"max-image-preview:large","max-video-preview":"max-video-preview:-1"},"canonical":"https:\/\/www.sc-soehre.de\/?page_id=90","og_locale":"de_DE","og_type":"article","og_title":"Herren 3 -","og_description":"Kreisliga Kassel Gruppe 3 (4er) Aufstellung Vorrunde 2025\/26 1. J\u00fcrgen Winter2. Sebastian Althans3. Marco Maus4. Eric Delpho Mannschaftsf\u00fchrer J\u00fcrgen WinterEmail juergen.winter@hotmail.deMobil: +49 [&hellip;]","og_url":"https:\/\/www.sc-soehre.de\/?page_id=90","article_modified_time":"2025-12-26T17:40:46+00:00","twitter_card":"summary_large_image","twitter_misc":{"Gesch\u00e4tzte Lesezeit":"1\u00a0Minute"},"schema":{"@context":"https:\/\/schema.org","@graph":[{"@type":"WebPage","@id":"https:\/\/www.sc-soehre.de\/?page_id=90","url":"https:\/\/www.sc-soehre.de\/?page_id=90","name":"Herren 3 -","isPartOf":{"@id":"https:\/\/www.sc-soehre.de\/#website"},"datePublished":"2020-06-19T08:08:02+00:00","dateModified":"2025-12-26T17:40:46+00:00","breadcrumb":{"@id":"https:\/\/www.sc-soehre.de\/?page_id=90#breadcrumb"},"inLanguage":"de","potentialAction":[{"@type":"ReadAction","target":["https:\/\/www.sc-soehre.de\/?page_id=90"]}]},{"@type":"BreadcrumbList","@id":"https:\/\/www.sc-soehre.de\/?page_id=90#breadcrumb","itemListElement":[{"@type":"ListItem","position":1,"name":"Startseite","item":"https:\/\/www.sc-soehre.de\/"},{"@type":"ListItem","position":2,"name":"Herren 3"}]},{"@type":"WebSite","@id":"https:\/\/www.sc-soehre.de\/#website","url":"https:\/\/www.sc-soehre.de\/","name":"","description":"","potentialAction":[{"@type":"SearchAction","target":{"@type":"EntryPoint","urlTemplate":"https:\/\/www.sc-soehre.de\/?s={search_term_string}"},"query-input":{"@type":"PropertyValueSpecification","valueRequired":true,"valueName":"search_term_string"}}],"inLanguage":"de"}]}},"_links":{"self":[{"href":"https:\/\/www.sc-soehre.de\/index.php?rest_route=\/wp\/v2\/pages\/90","targetHints":{"allow":["GET"]}}],"collection":[{"href":"https:\/\/www.sc-soehre.de\/index.php?rest_route=\/wp\/v2\/pages"}],"about":[{"href":"https:\/\/www.sc-soehre.de\/index.php?rest_route=\/wp\/v2\/types\/page"}],"author":[{"embeddable":true,"href":"https:\/\/www.sc-soehre.de\/index.php?rest_route=\/wp\/v2\/users\/1"}],"replies":[{"embeddable":true,"href":"https:\/\/www.sc-soehre.de\/index.php?rest_route=%2Fwp%2Fv2%2Fcomments&post=90"}],"version-history":[{"count":12,"href":"https:\/\/www.sc-soehre.de\/index.php?rest_route=\/wp\/v2\/pages\/90\/revisions"}],"predecessor-version":[{"id":547,"href":"https:\/\/www.sc-soehre.de\/index.php?rest_route=\/wp\/v2\/pages\/90\/revisions\/547"}],"wp:attachment":[{"href":"https:\/\/www.sc-soehre.de\/index.php?rest_route=%2Fwp%2Fv2%2Fmedia&parent=90"}],"curies":[{"name":"wp","href":"https:\/\/api.w.org\/{rel}","templated":true}]}}