{"id":135,"date":"2020-06-19T23:51:25","date_gmt":"2020-06-19T21:51:25","guid":{"rendered":"http:\/\/sc-soehre.de\/?page_id=135"},"modified":"2024-11-26T15:42:41","modified_gmt":"2024-11-26T14:42:41","slug":"vorstand","status":"publish","type":"page","link":"https:\/\/www.sc-soehre.de\/?page_id=135","title":{"rendered":"Vorstand"},"content":{"rendered":"\n<p><\/p>\n\n\n\n<h2 class=\"wp-block-heading\">1. Vorsitzender<\/h2>\n\n\n\n<figure class=\"wp-block-image size-full is-resized\"><img loading=\"lazy\" decoding=\"async\" width=\"289\" height=\"800\" src=\"https:\/\/www.sc-soehre.de\/wp-content\/uploads\/2024\/11\/juergen_winter.jpg\" alt=\"\" class=\"wp-image-444\" style=\"width:113px;height:auto\" srcset=\"https:\/\/www.sc-soehre.de\/wp-content\/uploads\/2024\/11\/juergen_winter.jpg 289w, https:\/\/www.sc-soehre.de\/wp-content\/uploads\/2024\/11\/juergen_winter-108x300.jpg 108w, https:\/\/www.sc-soehre.de\/wp-content\/uploads\/2024\/11\/juergen_winter-230x637.jpg 230w\" sizes=\"auto, (max-width: 289px) 100vw, 289px\" \/><\/figure>\n\n\n\n<p>J\u00fcrgen Winter<br>Brunnenstra\u00dfe 8<br>34320 S\u00f6hrewald<\/p>\n\n\n\n<p>Tel. +49 179 \/ 239 3402<\/p>\n\n\n\n<h2 class=\"wp-block-heading\">2. Vorsitzender<\/h2>\n\n\n\n<figure class=\"wp-block-image size-full is-resized\"><img loading=\"lazy\" decoding=\"async\" width=\"270\" height=\"480\" src=\"https:\/\/www.sc-soehre.de\/wp-content\/uploads\/2024\/11\/marco_maus.jpg\" alt=\"\" class=\"wp-image-446\" style=\"width:144px;height:auto\" srcset=\"https:\/\/www.sc-soehre.de\/wp-content\/uploads\/2024\/11\/marco_maus.jpg 270w, https:\/\/www.sc-soehre.de\/wp-content\/uploads\/2024\/11\/marco_maus-169x300.jpg 169w, https:\/\/www.sc-soehre.de\/wp-content\/uploads\/2024\/11\/marco_maus-230x409.jpg 230w\" sizes=\"auto, (max-width: 270px) 100vw, 270px\" \/><\/figure>\n\n\n\n<p>Marco Maus<br>D\u00f6ncheweg 1e <br>34131 Kassel<\/p>\n\n\n\n<p>Tel. +49 176 \/ 24 70 16 22<\/p>\n\n\n\n<h2 class=\"wp-block-heading\">Jugendleiterin<\/h2>\n\n\n\n<p>Vanessa Trender<br><\/p>\n\n\n\n<h2 class=\"wp-block-heading\">Schriftf\u00fchrer<\/h2>\n\n\n\n<p>Hermann Kinzl<\/p>\n\n\n\n<h2 class=\"wp-block-heading\">Kassierer<\/h2>\n\n\n\n<p>Frank Lindner<\/p>\n","protected":false},"excerpt":{"rendered":"<p>1. Vorsitzender J\u00fcrgen WinterBrunnenstra\u00dfe 834320 S\u00f6hrewald Tel. +49 179 \/ 239 3402 2. Vorsitzender Marco MausD\u00f6ncheweg 1e 34131 Kassel Tel. +49 176 [&hellip;]<\/p>\n","protected":false},"author":1,"featured_media":0,"parent":0,"menu_order":0,"comment_status":"closed","ping_status":"closed","template":"","meta":{"footnotes":""},"class_list":["post-135","page","type-page","status-publish","hentry"],"yoast_head":"<!-- This site is optimized with the Yoast SEO plugin v26.6 - https:\/\/yoast.com\/wordpress\/plugins\/seo\/ -->\n<title>Vorstand -<\/title>\n<meta name=\"robots\" content=\"index, follow, max-snippet:-1, max-image-preview:large, max-video-preview:-1\" \/>\n<link rel=\"canonical\" href=\"https:\/\/www.sc-soehre.de\/?page_id=135\" \/>\n<meta property=\"og:locale\" content=\"de_DE\" \/>\n<meta property=\"og:type\" content=\"article\" \/>\n<meta property=\"og:title\" content=\"Vorstand -\" \/>\n<meta property=\"og:description\" content=\"1. Vorsitzender J\u00fcrgen WinterBrunnenstra\u00dfe 834320 S\u00f6hrewald Tel. +49 179 \/ 239 3402 2. Vorsitzender Marco MausD\u00f6ncheweg 1e 34131 Kassel Tel. +49 176 [&hellip;]\" \/>\n<meta property=\"og:url\" content=\"https:\/\/www.sc-soehre.de\/?page_id=135\" \/>\n<meta property=\"article:modified_time\" content=\"2024-11-26T14:42:41+00:00\" \/>\n<meta property=\"og:image\" content=\"https:\/\/www.sc-soehre.de\/wp-content\/uploads\/2024\/11\/juergen_winter.jpg\" \/>\n\t<meta property=\"og:image:width\" content=\"289\" \/>\n\t<meta property=\"og:image:height\" content=\"800\" \/>\n\t<meta property=\"og:image:type\" content=\"image\/jpeg\" \/>\n<meta name=\"twitter:card\" content=\"summary_large_image\" \/>\n<meta name=\"twitter:label1\" content=\"Gesch\u00e4tzte Lesezeit\" \/>\n\t<meta name=\"twitter:data1\" content=\"1\u00a0Minute\" \/>\n<script type=\"application\/ld+json\" class=\"yoast-schema-graph\">{\"@context\":\"https:\/\/schema.org\",\"@graph\":[{\"@type\":\"WebPage\",\"@id\":\"https:\/\/www.sc-soehre.de\/?page_id=135\",\"url\":\"https:\/\/www.sc-soehre.de\/?page_id=135\",\"name\":\"Vorstand -\",\"isPartOf\":{\"@id\":\"https:\/\/www.sc-soehre.de\/#website\"},\"primaryImageOfPage\":{\"@id\":\"https:\/\/www.sc-soehre.de\/?page_id=135#primaryimage\"},\"image\":{\"@id\":\"https:\/\/www.sc-soehre.de\/?page_id=135#primaryimage\"},\"thumbnailUrl\":\"https:\/\/www.sc-soehre.de\/wp-content\/uploads\/2024\/11\/juergen_winter.jpg\",\"datePublished\":\"2020-06-19T21:51:25+00:00\",\"dateModified\":\"2024-11-26T14:42:41+00:00\",\"breadcrumb\":{\"@id\":\"https:\/\/www.sc-soehre.de\/?page_id=135#breadcrumb\"},\"inLanguage\":\"de\",\"potentialAction\":[{\"@type\":\"ReadAction\",\"target\":[\"https:\/\/www.sc-soehre.de\/?page_id=135\"]}]},{\"@type\":\"ImageObject\",\"inLanguage\":\"de\",\"@id\":\"https:\/\/www.sc-soehre.de\/?page_id=135#primaryimage\",\"url\":\"https:\/\/www.sc-soehre.de\/wp-content\/uploads\/2024\/11\/juergen_winter.jpg\",\"contentUrl\":\"https:\/\/www.sc-soehre.de\/wp-content\/uploads\/2024\/11\/juergen_winter.jpg\",\"width\":289,\"height\":800},{\"@type\":\"BreadcrumbList\",\"@id\":\"https:\/\/www.sc-soehre.de\/?page_id=135#breadcrumb\",\"itemListElement\":[{\"@type\":\"ListItem\",\"position\":1,\"name\":\"Startseite\",\"item\":\"https:\/\/www.sc-soehre.de\/\"},{\"@type\":\"ListItem\",\"position\":2,\"name\":\"Vorstand\"}]},{\"@type\":\"WebSite\",\"@id\":\"https:\/\/www.sc-soehre.de\/#website\",\"url\":\"https:\/\/www.sc-soehre.de\/\",\"name\":\"\",\"description\":\"\",\"potentialAction\":[{\"@type\":\"SearchAction\",\"target\":{\"@type\":\"EntryPoint\",\"urlTemplate\":\"https:\/\/www.sc-soehre.de\/?s={search_term_string}\"},\"query-input\":{\"@type\":\"PropertyValueSpecification\",\"valueRequired\":true,\"valueName\":\"search_term_string\"}}],\"inLanguage\":\"de\"}]}<\/script>\n<!-- \/ Yoast SEO plugin. -->","yoast_head_json":{"title":"Vorstand -","robots":{"index":"index","follow":"follow","max-snippet":"max-snippet:-1","max-image-preview":"max-image-preview:large","max-video-preview":"max-video-preview:-1"},"canonical":"https:\/\/www.sc-soehre.de\/?page_id=135","og_locale":"de_DE","og_type":"article","og_title":"Vorstand -","og_description":"1. Vorsitzender J\u00fcrgen WinterBrunnenstra\u00dfe 834320 S\u00f6hrewald Tel. +49 179 \/ 239 3402 2. Vorsitzender Marco MausD\u00f6ncheweg 1e 34131 Kassel Tel. +49 176 [&hellip;]","og_url":"https:\/\/www.sc-soehre.de\/?page_id=135","article_modified_time":"2024-11-26T14:42:41+00:00","og_image":[{"width":289,"height":800,"url":"https:\/\/www.sc-soehre.de\/wp-content\/uploads\/2024\/11\/juergen_winter.jpg","type":"image\/jpeg"}],"twitter_card":"summary_large_image","twitter_misc":{"Gesch\u00e4tzte Lesezeit":"1\u00a0Minute"},"schema":{"@context":"https:\/\/schema.org","@graph":[{"@type":"WebPage","@id":"https:\/\/www.sc-soehre.de\/?page_id=135","url":"https:\/\/www.sc-soehre.de\/?page_id=135","name":"Vorstand -","isPartOf":{"@id":"https:\/\/www.sc-soehre.de\/#website"},"primaryImageOfPage":{"@id":"https:\/\/www.sc-soehre.de\/?page_id=135#primaryimage"},"image":{"@id":"https:\/\/www.sc-soehre.de\/?page_id=135#primaryimage"},"thumbnailUrl":"https:\/\/www.sc-soehre.de\/wp-content\/uploads\/2024\/11\/juergen_winter.jpg","datePublished":"2020-06-19T21:51:25+00:00","dateModified":"2024-11-26T14:42:41+00:00","breadcrumb":{"@id":"https:\/\/www.sc-soehre.de\/?page_id=135#breadcrumb"},"inLanguage":"de","potentialAction":[{"@type":"ReadAction","target":["https:\/\/www.sc-soehre.de\/?page_id=135"]}]},{"@type":"ImageObject","inLanguage":"de","@id":"https:\/\/www.sc-soehre.de\/?page_id=135#primaryimage","url":"https:\/\/www.sc-soehre.de\/wp-content\/uploads\/2024\/11\/juergen_winter.jpg","contentUrl":"https:\/\/www.sc-soehre.de\/wp-content\/uploads\/2024\/11\/juergen_winter.jpg","width":289,"height":800},{"@type":"BreadcrumbList","@id":"https:\/\/www.sc-soehre.de\/?page_id=135#breadcrumb","itemListElement":[{"@type":"ListItem","position":1,"name":"Startseite","item":"https:\/\/www.sc-soehre.de\/"},{"@type":"ListItem","position":2,"name":"Vorstand"}]},{"@type":"WebSite","@id":"https:\/\/www.sc-soehre.de\/#website","url":"https:\/\/www.sc-soehre.de\/","name":"","description":"","potentialAction":[{"@type":"SearchAction","target":{"@type":"EntryPoint","urlTemplate":"https:\/\/www.sc-soehre.de\/?s={search_term_string}"},"query-input":{"@type":"PropertyValueSpecification","valueRequired":true,"valueName":"search_term_string"}}],"inLanguage":"de"}]}},"_links":{"self":[{"href":"https:\/\/www.sc-soehre.de\/index.php?rest_route=\/wp\/v2\/pages\/135","targetHints":{"allow":["GET"]}}],"collection":[{"href":"https:\/\/www.sc-soehre.de\/index.php?rest_route=\/wp\/v2\/pages"}],"about":[{"href":"https:\/\/www.sc-soehre.de\/index.php?rest_route=\/wp\/v2\/types\/page"}],"author":[{"embeddable":true,"href":"https:\/\/www.sc-soehre.de\/index.php?rest_route=\/wp\/v2\/users\/1"}],"replies":[{"embeddable":true,"href":"https:\/\/www.sc-soehre.de\/index.php?rest_route=%2Fwp%2Fv2%2Fcomments&post=135"}],"version-history":[{"count":9,"href":"https:\/\/www.sc-soehre.de\/index.php?rest_route=\/wp\/v2\/pages\/135\/revisions"}],"predecessor-version":[{"id":447,"href":"https:\/\/www.sc-soehre.de\/index.php?rest_route=\/wp\/v2\/pages\/135\/revisions\/447"}],"wp:attachment":[{"href":"https:\/\/www.sc-soehre.de\/index.php?rest_route=%2Fwp%2Fv2%2Fmedia&parent=135"}],"curies":[{"name":"wp","href":"https:\/\/api.w.org\/{rel}","templated":true}]}}

<p></p>



<h2 class="wp-block-heading">1. Vorsitzender</h2>



<figure class="wp-block-image size-full is-resized"><img loading="lazy" decoding="async" width="289" height="800" src="https://www.sc-soehre.de/wp-content/uploads/2024/11/juergen_winter.jpg" alt="" class="wp-image-444" style="width:113px;height:auto" srcset="https://www.sc-soehre.de/wp-content/uploads/2024/11/juergen_winter.jpg 289w, https://www.sc-soehre.de/wp-content/uploads/2024/11/juergen_winter-108x300.jpg 108w, https://www.sc-soehre.de/wp-content/uploads/2024/11/juergen_winter-230x637.jpg 230w" sizes="auto, (max-width: 289px) 100vw, 289px" /></figure>



<p>Jürgen Winter<br>Brunnenstraße 8<br>34320 Söhrewald</p>



<p>Tel. +49 179 / 239 3402</p>



<h2 class="wp-block-heading">2. Vorsitzender</h2>



<figure class="wp-block-image size-full is-resized"><img loading="lazy" decoding="async" width="270" height="480" src="https://www.sc-soehre.de/wp-content/uploads/2024/11/marco_maus.jpg" alt="" class="wp-image-446" style="width:144px;height:auto" srcset="https://www.sc-soehre.de/wp-content/uploads/2024/11/marco_maus.jpg 270w, https://www.sc-soehre.de/wp-content/uploads/2024/11/marco_maus-169x300.jpg 169w, https://www.sc-soehre.de/wp-content/uploads/2024/11/marco_maus-230x409.jpg 230w" sizes="auto, (max-width: 270px) 100vw, 270px" /></figure>



<p>Marco Maus<br>Döncheweg 1e <br>34131 Kassel</p>



<p>Tel. +49 176 / 24 70 16 22</p>



<h2 class="wp-block-heading">Jugendleiterin</h2>



<p>Vanessa Trender<br></p>



<h2 class="wp-block-heading">Schriftführer</h2>



<p>Hermann Kinzl</p>



<h2 class="wp-block-heading">Kassierer</h2>



<p>Frank Lindner</p>

<p>1. Vorsitzender Jürgen WinterBrunnenstraße 834320 Söhrewald Tel. +49 179 / 239 3402 2. Vorsitzender Marco MausDöncheweg 1e 34131 Kassel Tel. +49 176 [&hellip;]</p>

<!-- This site is optimized with the Yoast SEO plugin v26.6 - https://yoast.com/wordpress/plugins/seo/ -->
<title>Vorstand -</title>
<meta name="robots" content="index, follow, max-snippet:-1, max-image-preview:large, max-video-preview:-1" />
<link rel="canonical" href="https://www.sc-soehre.de/?page_id=135" />
<meta property="og:locale" content="de_DE" />
<meta property="og:type" content="article" />
<meta property="og:title" content="Vorstand -" />
<meta property="og:description" content="1. Vorsitzender Jürgen WinterBrunnenstraße 834320 Söhrewald Tel. +49 179 / 239 3402 2. Vorsitzender Marco MausDöncheweg 1e 34131 Kassel Tel. +49 176 [&hellip;]" />
<meta property="og:url" content="https://www.sc-soehre.de/?page_id=135" />
<meta property="article:modified_time" content="2024-11-26T14:42:41+00:00" />
<meta property="og:image" content="https://www.sc-soehre.de/wp-content/uploads/2024/11/juergen_winter.jpg" />
	<meta property="og:image:width" content="289" />
	<meta property="og:image:height" content="800" />
	<meta property="og:image:type" content="image/jpeg" />
<meta name="twitter:card" content="summary_large_image" />
<meta name="twitter:label1" content="Geschätzte Lesezeit" />
	<meta name="twitter:data1" content="1 Minute" />
<script type="application/ld+json" class="yoast-schema-graph">{"@context":"https://schema.org","@graph":[{"@type":"WebPage","@id":"https://www.sc-soehre.de/?page_id=135","url":"https://www.sc-soehre.de/?page_id=135","name":"Vorstand -","isPartOf":{"@id":"https://www.sc-soehre.de/#website"},"primaryImageOfPage":{"@id":"https://www.sc-soehre.de/?page_id=135#primaryimage"},"image":{"@id":"https://www.sc-soehre.de/?page_id=135#primaryimage"},"thumbnailUrl":"https://www.sc-soehre.de/wp-content/uploads/2024/11/juergen_winter.jpg","datePublished":"2020-06-19T21:51:25+00:00","dateModified":"2024-11-26T14:42:41+00:00","breadcrumb":{"@id":"https://www.sc-soehre.de/?page_id=135#breadcrumb"},"inLanguage":"de","potentialAction":[{"@type":"ReadAction","target":["https://www.sc-soehre.de/?page_id=135"]}]},{"@type":"ImageObject","inLanguage":"de","@id":"https://www.sc-soehre.de/?page_id=135#primaryimage","url":"https://www.sc-soehre.de/wp-content/uploads/2024/11/juergen_winter.jpg","contentUrl":"https://www.sc-soehre.de/wp-content/uploads/2024/11/juergen_winter.jpg","width":289,"height":800},{"@type":"BreadcrumbList","@id":"https://www.sc-soehre.de/?page_id=135#breadcrumb","itemListElement":[{"@type":"ListItem","position":1,"name":"Startseite","item":"https://www.sc-soehre.de/"},{"@type":"ListItem","position":2,"name":"Vorstand"}]},{"@type":"WebSite","@id":"https://www.sc-soehre.de/#website","url":"https://www.sc-soehre.de/","name":"","description":"","potentialAction":[{"@type":"SearchAction","target":{"@type":"EntryPoint","urlTemplate":"https://www.sc-soehre.de/?s={search_term_string}"},"query-input":{"@type":"PropertyValueSpecification","valueRequired":true,"valueName":"search_term_string"}}],"inLanguage":"de"}]}</script>
<!-- / Yoast SEO plugin. -->

1. Vorsitzender Jürgen WinterBrunnenstraße 834320 Söhrewald Tel. +49 179 / 239 3402 2. Vorsitzender Marco MausDöncheweg 1e 34131 Kassel Tel. +49 176 [&hellip;]
