{"id":118,"date":"2020-06-19T23:17:12","date_gmt":"2020-06-19T21:17:12","guid":{"rendered":"http:\/\/sc-soehre.de\/?page_id=118"},"modified":"2020-07-14T23:33:24","modified_gmt":"2020-07-14T21:33:24","slug":"impressum-datenschutz","status":"publish","type":"page","link":"https:\/\/www.sc-soehre.de\/?page_id=118","title":{"rendered":"Impressum\/Datenschutz"},"content":{"rendered":"\n<p>Impressum<\/p>\n\n\n\n<h3 class=\"wp-block-heading\">Verantwortlicher<\/h3>\n\n\n\n<p>Angaben gem\u00e4\u00df \u00a7 5 TMG:<br><br>Sportclub S\u00f6hre 2018-S\u00f6hrewald e.V. (SC S\u00f6hre 2018)<br>1. Vorsitzender: <br>J\u00fcrgen Winter<br>Brunnenstra\u00dfe 8, <br>34320 S\u00f6hrewald<br>Deutschland<br>Telefon: 05608 2730<br>Email: juergen.winter@hotmail.de<\/p>\n\n\n\n<p><br><br>HERAUSGEBER<br>Sportclub S\u00f6hre 2018-S\u00f6hrewald e.V. (SC S\u00f6hre 2018)<br><br>Vertreten durch:<br>den 1.Vorsitzenden <\/p>\n\n\n\n<p>J\u00fcrgen Winter<br><\/p>\n\n\n\n<p>Eintragung im Vereinsregister seit dem 26.04.2018.<br>Registergericht: Amtsgericht Kassel<br>Registernummer: VR 5414<br><br>Haftungsausschluss:<br>Haftung f\u00fcr Inhalte<br>Die Inhalte unserer Seiten wurden mit gr\u00f6\u00dfter Sorgfalt erstellt. F\u00fcr die Richtigkeit, Vollst\u00e4ndigkeit und Aktualit\u00e4t der Inhalte k\u00f6nnen wir jedoch keine Gew\u00e4hr \u00fcbernehmen. Als Diensteanbieter sind wir gem\u00e4\u00df \u00a7 7 Abs.1 TMG f\u00fcr eigene Inhalte auf diesen Seiten nach den allgemeinen Gesetzen verantwortlich. Nach \u00a7\u00a7 8 bis 10 TMG sind wir als Diensteanbieter jedoch nicht verpflichtet, \u00fcbermittelte oder gespeicherte fremde Informationen zu \u00fcberwachen oder nach Umst\u00e4nden zu forschen, die auf eine rechtswidrige T\u00e4tigkeit hinweisen. Verpflichtungen zur Entfernung oder Sperrung der Nutzung von Informationen nach den allgemeinen Gesetzen bleiben hiervon unber\u00fchrt. Eine diesbez\u00fcgliche Haftung ist jedoch erst ab dem Zeitpunkt der Kenntnis einer konkreten Rechtsverletzung m\u00f6glich. Bei Bekanntwerden von entsprechenden Rechtsverletzungen werden wir diese Inhalte umgehend entfernen.<br><br>Haftung f\u00fcr Links<br>Unser Angebot enth\u00e4lt Links zu externen Webseiten Dritter, auf deren Inhalte wir keinen Einfluss haben. Deshalb k\u00f6nnen wir f\u00fcr diese fremden Inhalte auch keine Gew\u00e4hr \u00fcbernehmen. F\u00fcr die Inhalte der verlinkten Seiten ist stets der jeweilige Anbieter oder Betreiber der Seiten verantwortlich. Die verlinkten Seiten wurden zum Zeitpunkt der Verlinkung auf m\u00f6gliche Rechtsverst\u00f6\u00dfe \u00fcberpr\u00fcft. Rechtswidrige Inhalte waren zum Zeitpunkt der Verlinkung nicht erkennbar. Eine permanente inhaltliche Kontrolle der verlinkten Seiten ist jedoch ohne konkrete Anhaltspunkte einer Rechtsverletzung nicht zumutbar. Bei Bekanntwerden von Rechtsverletzungen werden wir derartige Links umgehend entfernen.<br><br>Urheberrecht<br>Die durch die Seitenbetreiber erstellten Inhalte und Werke auf diesen Seiten unterliegen dem deutschen Urheberrecht. Die Vervielf\u00e4ltigung, Bearbeitung, Verbreitung und jede Art der Verwertung au\u00dferhalb der Grenzen des Urheberrechtes bed\u00fcrfen der schriftlichen Zustimmung des jeweiligen Autors bzw. Erstellers. Downloads und Kopien dieser Seite sind nur f\u00fcr den privaten, nicht kommerziellen Gebrauch gestattet. Soweit die Inhalte auf dieser Seite nicht vom Betreiber erstellt wurden, werden die Urheberrechte Dritter beachtet. Insbesondere werden Inhalte Dritter als solche gekennzeichnet. Sollten Sie trotzdem auf eine Urheberrechtsverletzung aufmerksam werden, bitten wir um einen entsprechenden Hinweis. Bei Bekanntwerden von Rechtsverletzungen werden wir derartige Inhalte umgehend entfernen.<br><br><br>Quellen: eRecht24 Disclaimer<\/p>\n\n\n\n<p><\/p>\n\n\n\n<h2 class=\"wp-block-heading\">Datenschutz<\/h2>\n\n\n\n<p>Allgemeine Grunds\u00e4tze<br>Die Erhebung, Verarbeitung und Nutzung von personenbezogenen Daten erfolgt im Verein nach den Richtlinien der EU-weiten Datenschutz-Grundverordnung (DS-GVO) sowie des gu\u0308ltigen Bundesdatenschutzgesetzes (BDSG). Die Konformit\u00e4t zum Datenschutz im Umgang mit personenbezogenen Daten im Verein wird insbesondere durch ein Datenschutzmanagementsystem gew\u00e4hrleistet.<br>Mit dem Beitritt eines Mitglieds zum Verein erfolgt eine datenschutzrechtliche Unterrichtung des Mitglieds gem\u00e4\u00df Art. 13 Abs. 1 und Abs. 2 DS-GVO). Der Verein darf beim Vereinseintritt alle Daten erheben (Aufnahmeantrag bzw. Beitrittserkl\u00e4rung), die zur Verfolgung der Vereinsziele und f\u00fcr die Betreuung und Verwaltung der Mitglieder erforderlich sind (siehe Art. 6 Abs. 1 lit. b) DS-GVO).<br>F\u00fcr die Nutzung von personenbezogenen Daten sowie auch von Fotos im Rahmen der Pressearbeit in den Print- und Online-Medien (Vereinshomepage, Social Media Plattform des Vereins) wird bei Bedarf eine separate Einwilligung eingeholt.<\/p>\n\n\n\n<p>Beitritt zum Verein<br>Mit dem Beitritt eines Mitglieds nimmt der Verein folgende personenbezogene Daten auf: \u2022 Vor- und Zuname \u2022 Geschlecht \u2022 Anschrift (Stra\u00dfe, Hausnummer, PLZ, Wohnort)<br>\u2022 Kommunikationsdaten (Telefon, E-Mail) \u2022 Geburtsdatum \u2022 Bankverbindung<br>Jedem Vereinsmitglied wird zudem eine vereinseigene Mitgliedsnummer zugeordnet.<br>Die personenbezogenen Daten werden in einem vereinseigenen EDV-System gespeichert, welches durch technische und organisatorische Ma\u00dfnahmen vor einem unberechtigten Zugriff Dritter gesch\u00fctzt ist.<br>Sonstige Informationen und Informationen \u00fcber Nichtmitglieder werden von dem Verein intern nur erhoben und verarbeitet, wenn sie zur Erf\u00fcllung des Vereinszweckes n\u00fctzlich sind und keine Anhaltspunkte bestehen, dass die betroffene Person ein schutzw\u00fcrdiges Interesse hat, das der Verarbeitung entgegensteht.<\/p>\n\n\n\n<p>Austritt aus dem Verein<br>Beim Austritt von Mitgliedern werden alle gespeicherten Daten archiviert. Die archivierten Daten werden ebenfalls durch geeignete technische und organisatorische Ma\u00dfnahmen vor der Kenntnisnahme Dritter gesch\u00fctzt. Die archivierten Daten d\u00fcrfen ebenfalls nur zu vereins- bzw. verbandsinternen Zwecken verwendet werden.<br><\/p>\n\n\n\n<p>Personenbezogene Daten des austretenden Mitglieds, die die Kassenverwaltung des Vereins betreffen, werden gem\u00e4\u00df den steuergesetzlichen Bestimmungen bis zu zehn Kalenderjahre ab der Wirksamkeit des Austritts durch den Verein aufbewahrt. Danach werden diese Daten gel\u00f6scht.<\/p>\n\n\n\n<ol class=\"wp-block-list\" start=\"4\"><li>\u00dcbermittlung von Daten bei der Mitgliedermeldung<br>Als Mitglied des HTTV und lsbH ist der Verein verpflichtet, seine aktiven Mitglieder an den \u00fcbergeordneten Kreisverband jeweils mit Stichtag 01.01. des Kalenderjahres zu melden. Die Datenweitergabe an den Kreisverband, einem Dachverband im Verh\u00e4ltnis zum Verein, stellt eine Daten\u00fcbermittlung i.S.d. \u00a73 Abs. 4 Satz 2 Nr. 3 BDSG dar.<br>\u00dcbermittelt werden dabei personenbezogene Daten nach dem Meldestandard des Kreisverbandes.<br>Dies sind insbesondere bei aktiven Mitglieder folgende Daten: \u2022 Vor- und Nachname, Anschrift, Geburtsdatum, Geschlecht \u2022 Ehrungsdaten (bisher erhaltene Ehrungen des Kreises\/Verbandes) \u2022 Qualifikationen (z.B. Trainer\/Schiedsrichter-Pr\u00fcfungen) \u2022 Datum Beitritt zur aktiven Mitgliedschaft<br>Bei aktiven Mitgliedern mit besonderen Aufgaben bzw. Funktionen laut Vereinssatzung (Vorstandsmitglieder, Ausschussmitglieder), wird die vollst\u00e4ndige Adresse mit Telefonnummer, E- Mail-Adresse sowie der Bezeichnung ihrer Funktion im Verein \u00fcbermittelt.<br>F\u00f6rdernde Mitglieder sowie Ehrenmitglieder werden nur statistisch, also ohne namentliche Meldung \u00fcbermittelt.<br>Der Verein erkl\u00e4rt ausdr\u00fccklich bei Abgabe einer Mitgliedermeldung an den \u00fcbergeordneten Kreisverband, dass die Daten ausschlie\u00dflich f\u00fcr verbandsinterne Zwecke verwendet werden d\u00fcrfen; eine \u00dcberlassung an Dritte ist untersagt bzw. bedarf der schriftlichen Einwilligung der Mitglieder des Vereins.<br>Die \u00dcbermittlung der Mitgliedermeldung erfolgt in einem datentechnisch verschl\u00fcsselten Verfahren.<\/li><li>Sonstige \u00dcbermittlung von Daten an Dachverb\u00e4nde<br>Als Mitglied des Sportclub S\u00f6hre 2018-S\u00f6hrewald e.V. (SC S\u00f6hre 2018) kann der Verein zur Erf\u00fcllung seiner Aufgaben personenbezogene Daten bei folgenden Anl\u00e4ssen an den Kreis-\/Landesverband \u00fcbermitteln:<br>\u2022 Beantragung von Ehrungen nach der Ehrungsordnung des Kreisverbandes oder weiterer Dachorganisationen: Vor- und Zuname, Anschrift, Geburtsdatum, Ehrungshistorie<br>\u2022 Anmeldung zu Lehrg\u00e4ngen des Kreisverbandes oder weiterer Dachorganisationen: Vor- und Zuname, Anschrift, Geburtsdatum<br>\u2022 Anmeldung zu Fachtagungen und Veranstaltungen des Kreisverbandes oder weiterer Dachorganisationen: Vor- und Zuname, Anschrift, Geburtsdatum<br>Die \u00dcbermittlung der Mitgliedermeldung erfolgt in einem datentechnisch verschl\u00fcsselten Verfahren.<\/li><li>Pressearbeit<br>Der Verein informiert die Tagespresse sowie die Verbandszeitschriften des HTTV \/ lsbH \u00fcber Pr\u00fcungsergebnisse und besondere Ereignisse. Solche Informationen werden \u00fcberdies auf der Internetseite des Vereins ver\u00f6ffentlicht.<br><\/li><\/ol>\n\n\n\n<p>Das einzelne Mitglied kann jederzeit gegen\u00fcber dem Vorstand einer solchen Ver\u00f6ffentlichung widersprechen. Im Falle des Widerspruches unterbleiben in Bezug auf das widersprechende Mitglied weitere Ver\u00f6ffentlichungen. Personenbezogene Daten des widersprechenden Mitglieds werden von der Homepage des Vereins entfernt. Der Verein benachrichtigt den HTTV \/ lsbH von dem Widerspruch des Mitglieds.Weitergabe von Mitgliedsdaten an Vereinsmitglieder<br>Der Vorstand macht besondere Ereignisse des Vereinslebens, insbesondere die Durchf\u00fchrung und die Ergebnisse von Pr\u00fcfungen, Ehrungen sowie Feierlichkeiten am schwarzen Brett\/Aushang in den Sporthallen des Vereins bekannt. Dabei k\u00f6nnen personenbezogene Mitgliederdaten ver\u00f6ffentlicht werden. Das einzelne Mitglied kann jederzeit gegen\u00fcber dem Vorstand einer solchen Ver\u00f6ffentlichung widersprechen. Im Falle des Widerspruches unterbleibt in Bezug auf das widersprechende Mitglied eine weitere Ver\u00f6ffentlichung am schwarzen Brett\/Aushang in den Sporthallen.<br>Der Vorstand macht besondere Ereignisse des Vereinslebens, insbesondere die Durchf\u00fchrung und die Ergebnisse von Pr\u00fcfungen, Ehrungen sowie Feierlichkeiten im \u00f6rtlichen Mitteilungsblatt\/Homepage bekannt. Das einzelne Mitglied kann jederzeit gegen\u00fcber dem Vorstand einer solchen Ver\u00f6ffentlichung widersprechen. Im Falle des Widerspruches unterbleibt in Bezug auf das widersprechende Mitglied eine weitere Ver\u00f6ffentlichung, mit Ausnahme von Ergebnissen aus Wertungsspielen.<br>Mitgliederverzeichnisse werden nur an Vorstandsmitglieder und sonstige Mitglieder ausgeh\u00e4ndigt, die im Verein nach Satzung und\/oder Gesch\u00e4ftsordnung eine besondere Funktion aus\u00fcben, welche die Kenntnis der Mitgliederdaten erfordert. Macht ein Mitglied geltend, dass er die Mitgliederliste zur Wahrnehmung seiner satzungsm\u00e4\u00dfigen Rechte ben\u00f6tigt, h\u00e4ndigt der Vorstand die Liste nur gegen die schriftliche Versicherung aus, dass die Mitgliederdaten nicht zu anderen Zwecken verwendet werden.<\/p>\n\n\n\n<p>Hinweis auf Beschwerderecht bei einer Aufsichtsbeh\u00f6rde<br>Als Aufsichtsbeh\u00f6rde f\u00fcr die Einreichung von Beschwerden der Betroffenen zum Datenschutz steht der Landesbeauftragte f\u00fcr Datenschutz und Informationssicherheit Hessen zur Verf\u00fcgung.<br>Die Beschwerde kann schriftlich unter:<br>Der Hessische Beauftragte f\u00fcr Datenschutz und Informationsfreiheit Postfach 3163 65021 Wiesbaden Telefon: +49 611 1408 &#8211; 0<br>Telefax: +49 611 1408 &#8211; 611 eingereicht werden.<\/p>\n\n\n\n<p><\/p>\n\n\n\n<p><\/p>\n\n\n\n<p><\/p>\n","protected":false},"excerpt":{"rendered":"<p>Impressum Verantwortlicher Angaben gem\u00e4\u00df \u00a7 5 TMG: Sportclub S\u00f6hre 2018-S\u00f6hrewald e.V. (SC S\u00f6hre 2018)1. Vorsitzender: J\u00fcrgen WinterBrunnenstra\u00dfe 8, 34320 S\u00f6hrewaldDeutschlandTelefon: 05608 2730Email: [&hellip;]<\/p>\n","protected":false},"author":1,"featured_media":0,"parent":0,"menu_order":0,"comment_status":"closed","ping_status":"closed","template":"","meta":{"footnotes":""},"class_list":["post-118","page","type-page","status-publish","hentry"],"yoast_head":"<!-- This site is optimized with the Yoast SEO plugin v26.6 - https:\/\/yoast.com\/wordpress\/plugins\/seo\/ -->\n<title>Impressum\/Datenschutz -<\/title>\n<meta name=\"robots\" content=\"index, follow, max-snippet:-1, max-image-preview:large, max-video-preview:-1\" \/>\n<link rel=\"canonical\" href=\"https:\/\/www.sc-soehre.de\/?page_id=118\" \/>\n<meta property=\"og:locale\" content=\"de_DE\" \/>\n<meta property=\"og:type\" content=\"article\" \/>\n<meta property=\"og:title\" content=\"Impressum\/Datenschutz -\" \/>\n<meta property=\"og:description\" content=\"Impressum Verantwortlicher Angaben gem\u00e4\u00df \u00a7 5 TMG: Sportclub S\u00f6hre 2018-S\u00f6hrewald e.V. (SC S\u00f6hre 2018)1. Vorsitzender: J\u00fcrgen WinterBrunnenstra\u00dfe 8, 34320 S\u00f6hrewaldDeutschlandTelefon: 05608 2730Email: [&hellip;]\" \/>\n<meta property=\"og:url\" content=\"https:\/\/www.sc-soehre.de\/?page_id=118\" \/>\n<meta property=\"article:modified_time\" content=\"2020-07-14T21:33:24+00:00\" \/>\n<meta name=\"twitter:card\" content=\"summary_large_image\" \/>\n<meta name=\"twitter:label1\" content=\"Gesch\u00e4tzte Lesezeit\" \/>\n\t<meta name=\"twitter:data1\" content=\"7\u00a0Minuten\" \/>\n<script type=\"application\/ld+json\" class=\"yoast-schema-graph\">{\"@context\":\"https:\/\/schema.org\",\"@graph\":[{\"@type\":\"WebPage\",\"@id\":\"https:\/\/www.sc-soehre.de\/?page_id=118\",\"url\":\"https:\/\/www.sc-soehre.de\/?page_id=118\",\"name\":\"Impressum\/Datenschutz -\",\"isPartOf\":{\"@id\":\"https:\/\/www.sc-soehre.de\/#website\"},\"datePublished\":\"2020-06-19T21:17:12+00:00\",\"dateModified\":\"2020-07-14T21:33:24+00:00\",\"breadcrumb\":{\"@id\":\"https:\/\/www.sc-soehre.de\/?page_id=118#breadcrumb\"},\"inLanguage\":\"de\",\"potentialAction\":[{\"@type\":\"ReadAction\",\"target\":[\"https:\/\/www.sc-soehre.de\/?page_id=118\"]}]},{\"@type\":\"BreadcrumbList\",\"@id\":\"https:\/\/www.sc-soehre.de\/?page_id=118#breadcrumb\",\"itemListElement\":[{\"@type\":\"ListItem\",\"position\":1,\"name\":\"Startseite\",\"item\":\"https:\/\/www.sc-soehre.de\/\"},{\"@type\":\"ListItem\",\"position\":2,\"name\":\"Impressum\/Datenschutz\"}]},{\"@type\":\"WebSite\",\"@id\":\"https:\/\/www.sc-soehre.de\/#website\",\"url\":\"https:\/\/www.sc-soehre.de\/\",\"name\":\"\",\"description\":\"\",\"potentialAction\":[{\"@type\":\"SearchAction\",\"target\":{\"@type\":\"EntryPoint\",\"urlTemplate\":\"https:\/\/www.sc-soehre.de\/?s={search_term_string}\"},\"query-input\":{\"@type\":\"PropertyValueSpecification\",\"valueRequired\":true,\"valueName\":\"search_term_string\"}}],\"inLanguage\":\"de\"}]}<\/script>\n<!-- \/ Yoast SEO plugin. -->","yoast_head_json":{"title":"Impressum\/Datenschutz -","robots":{"index":"index","follow":"follow","max-snippet":"max-snippet:-1","max-image-preview":"max-image-preview:large","max-video-preview":"max-video-preview:-1"},"canonical":"https:\/\/www.sc-soehre.de\/?page_id=118","og_locale":"de_DE","og_type":"article","og_title":"Impressum\/Datenschutz -","og_description":"Impressum Verantwortlicher Angaben gem\u00e4\u00df \u00a7 5 TMG: Sportclub S\u00f6hre 2018-S\u00f6hrewald e.V. (SC S\u00f6hre 2018)1. Vorsitzender: J\u00fcrgen WinterBrunnenstra\u00dfe 8, 34320 S\u00f6hrewaldDeutschlandTelefon: 05608 2730Email: [&hellip;]","og_url":"https:\/\/www.sc-soehre.de\/?page_id=118","article_modified_time":"2020-07-14T21:33:24+00:00","twitter_card":"summary_large_image","twitter_misc":{"Gesch\u00e4tzte Lesezeit":"7\u00a0Minuten"},"schema":{"@context":"https:\/\/schema.org","@graph":[{"@type":"WebPage","@id":"https:\/\/www.sc-soehre.de\/?page_id=118","url":"https:\/\/www.sc-soehre.de\/?page_id=118","name":"Impressum\/Datenschutz -","isPartOf":{"@id":"https:\/\/www.sc-soehre.de\/#website"},"datePublished":"2020-06-19T21:17:12+00:00","dateModified":"2020-07-14T21:33:24+00:00","breadcrumb":{"@id":"https:\/\/www.sc-soehre.de\/?page_id=118#breadcrumb"},"inLanguage":"de","potentialAction":[{"@type":"ReadAction","target":["https:\/\/www.sc-soehre.de\/?page_id=118"]}]},{"@type":"BreadcrumbList","@id":"https:\/\/www.sc-soehre.de\/?page_id=118#breadcrumb","itemListElement":[{"@type":"ListItem","position":1,"name":"Startseite","item":"https:\/\/www.sc-soehre.de\/"},{"@type":"ListItem","position":2,"name":"Impressum\/Datenschutz"}]},{"@type":"WebSite","@id":"https:\/\/www.sc-soehre.de\/#website","url":"https:\/\/www.sc-soehre.de\/","name":"","description":"","potentialAction":[{"@type":"SearchAction","target":{"@type":"EntryPoint","urlTemplate":"https:\/\/www.sc-soehre.de\/?s={search_term_string}"},"query-input":{"@type":"PropertyValueSpecification","valueRequired":true,"valueName":"search_term_string"}}],"inLanguage":"de"}]}},"_links":{"self":[{"href":"https:\/\/www.sc-soehre.de\/index.php?rest_route=\/wp\/v2\/pages\/118","targetHints":{"allow":["GET"]}}],"collection":[{"href":"https:\/\/www.sc-soehre.de\/index.php?rest_route=\/wp\/v2\/pages"}],"about":[{"href":"https:\/\/www.sc-soehre.de\/index.php?rest_route=\/wp\/v2\/types\/page"}],"author":[{"embeddable":true,"href":"https:\/\/www.sc-soehre.de\/index.php?rest_route=\/wp\/v2\/users\/1"}],"replies":[{"embeddable":true,"href":"https:\/\/www.sc-soehre.de\/index.php?rest_route=%2Fwp%2Fv2%2Fcomments&post=118"}],"version-history":[{"count":6,"href":"https:\/\/www.sc-soehre.de\/index.php?rest_route=\/wp\/v2\/pages\/118\/revisions"}],"predecessor-version":[{"id":190,"href":"https:\/\/www.sc-soehre.de\/index.php?rest_route=\/wp\/v2\/pages\/118\/revisions\/190"}],"wp:attachment":[{"href":"https:\/\/www.sc-soehre.de\/index.php?rest_route=%2Fwp%2Fv2%2Fmedia&parent=118"}],"curies":[{"name":"wp","href":"https:\/\/api.w.org\/{rel}","templated":true}]}}